e
Suppose 0 = -2*a - 2*a + 596. Is a prime?
True
Let p = -11 - -64. Is (-2 + 0)*p/(-2) a composite number?
False
Let l = -13 + 15. Suppose 2*w - 138 = l*o, -3*w + 215 = -5*o - 0*o. Is w a prime number?
False
Suppose 3*x + 2*t - 1771 = 0, -1702 = -5*x + 4*t + 1213. Is x a prime number?
True
Let r = -49 - -147. Suppose -2*v = 3*x - r, 3*x = x - 5*v + 58. Is x composite?
True
Suppose 3*z - 15 = -4*x, -5*z + 2*x = -3*x - 25. Suppose -175 = -z*n + 4*p, -22 - 48 = -2*n - 5*p. Suppose 0 = 5*y - n - 30. Is y a composite number?
False
Is 2 + -1 + 3*44 prime?
False
Suppose 2*d + 5*y - 1 = -2, 1 = d + y. Suppose -2*i = d*i - 268. Is i a composite number?
False
Let n be (-14 + -1)*4/(-12). Suppose -157 = -n*s + 8. Let l = s - 20. Is l prime?
True
Suppose 13 = 5*f - 17. Suppose f = v - 31. Is v a prime number?
True
Let y be 1/(-3) - (-10)/(-6). Let z(x) = -6*x**3 - 2*x**2 + 2*x + 1. Is z(y) prime?
True
Let h = -150 + 703. Is h a composite number?
True
Let h(f) be the third derivative of -f**5/60 + 5*f**4/24 - f**3/3 - f**2. Let j be h(6). Is ((-100)/j)/((-2)/(-4)) a prime number?
False
Suppose -74 = -5*f + 371. Is f composite?
False
Let b(c) = -c**3 - 5*c**2 + 5*c - 1. Let a be b(-6). Suppose -2*n - x = 0, a*n + 4*x = 5*x. Is (n + 186/(-3))/(-2) a prime number?
True
Suppose -3*k - 667 = -145. Let q = k - -267. Is q a prime number?
False
Suppose 3*d = 5 + 4. Suppose d*s - 127 = 2*s. Is s composite?
False
Let z = 5 + -5. Suppose 3*i = -5*y - 0*i + 3300, z = -2*y - 2*i + 1324. Suppose 3 = 3*v, 5*p + 3*v = y + 401. Is p composite?
False
Suppose 17*v = 22*v - 14305. Is v a composite number?
False
Suppose o = -4*o. Suppose 0 = 2*s - o*s - 138. Is s a composite number?
True
Let d(b) = -39*b + 2. Is d(-3) composite?
True
Is 2729/3 + (-68)/(-51) a prime number?
True
Suppose -5*u = -16*u + 1705. Is u a prime number?
False
Let v be ((-12)/8)/1*-116. Suppose 4*k - 253 = -3*u, -k - 3*k = 2*u - v. Is u composite?
False
Suppose -2*d + 6 = 0, 2*m - 2*d - 80 = -6*d. Suppose 0 = 3*z + 4*w + 611 - m, 0 = 2*z - 3*w + 362. Let v = z - -298. Is v composite?
True
Let n = 884 + -577. Is n a composite number?
False
Let r(q) be the third derivative of q**4/24 + q**3/6 + 2*q**2. Let l(s) = 4*s + 5. Let k(x) = 2*l(x) - 9*r(x). Is k(-9) a prime number?
False
Is 24/12*(-89)/(-2) prime?
True
Let y = 191 + -65. Suppose -2*c + 183 = 41. Let s = y - c. Is s a prime number?
False
Let i(s) = 463*s + 2. Let d be i(-1). Let w = d + 1044. Is w a composite number?
True
Let w be 2*(-5)/(10/3). Let a(o) = -o**2 - 2*o + 4. Let t be a(w). Is ((-7)/(-2))/(t/6) a prime number?
False
Suppose l - 5*f + 9 = 0, 2*l + 5*f - f - 10 = 0. Suppose l + 61 = j. Is j a prime number?
False
Let y(j) = 7*j - 7. Let t be -2 + (-27)/((-6)/2). Let f be y(t). Let r = 61 - f. Is r a prime number?
True
Is (-4)/((-8)/6) - (-4 - 172) prime?
True
Let j(z) = -508*z - 1. Let t be j(-1). Is ((-1)/3)/((-1)/t) a prime number?
False
Let u(n) = n**3 - 4*n**2 + 3*n - 4. Let s be u(4). Let c(l) = -9 + 12*l**2 + 0*l**3 - 3*l**2 - l**3 - 4*l. Is c(s) a prime number?
True
Suppose -1 = -2*q + 7. Suppose n + 4 = -q. Is 3/12 + (-246)/n a prime number?
True
Let m be (0 + -51)*(1 + 8). Let f = -100 - m. Is f a composite number?
False
Let o(d) = d**2 - 4*d + 2. Let y be o(-5). Let p(v) = v - 1. Let m be p(1). Suppose m = -3*k + y + 58. Is k composite?
True
Let k = -199 - -540. Is k composite?
True
Let z = 0 - 4. Is (11 + -13)*154/z a composite number?
True
Let m(u) = -4*u + 6. Let s be m(-6). Let r = 46 + -9. Let p = s + r. Is p a composite number?
False
Let w be (-4)/6 + (-1864)/(-24). Let k = w + -42. Is k composite?
True
Let s be (4 - 1)/((-6)/(-4)). Let w = -14 - -16. Suppose 5*x - s*z = 445, 2*x + z = w*z + 178. Is x a prime number?
True
Suppose 4*t - 2*t = -2. Let w(q) be the first derivative of -5*q**4/2 - q**3/3 + q + 3. Is w(t) a prime number?
False
Let d = 3 + -4. Let x = d - -20. Is x prime?
True
Let t(g) be the second derivative of g**5/20 + g**3/2 - 3*g**2/2 + g. Is t(2) composite?
False
Suppose -5*c + 90 = -235. Suppose -c = -5*t + 45. Is t a composite number?
True
Let g(n) = n**3 + 7*n**2 - 4*n - 7. Let y(m) = 2*m + m**2 + 2*m**2 - 2*m**3 + m**3 + 2. Let h be y(4). Is g(h) a composite number?
False
Let a = -1009 + 656. Let d = -198 - a. Let y = -46 + d. Is y a prime number?
True
Is (-1)/(-1 + (-3250)/(-3251)) a composite number?
False
Let t(u) = 2*u**2 - 4*u + 3. Let s be t(2). Suppose -3*n + s = -2*n. Suppose 3*o = 2*l - 3 + 5, 0 = n*o + 4*l - 14. Is o a composite number?
False
Suppose -105 = 2*b - 7*b + g, -85 = -5*b - 3*g. Let p = 17 + b. Is p a prime number?
True
Let u(w) = -185*w + 9. Suppose -4*k - 5*z = 6, z + z = -2*k - 4. Is u(k) a composite number?
True
Suppose 50 = -5*r - 5. Let s be (-1 + r)*(0 + -3). Suppose -m - s = -5*m. Is m composite?
True
Is 1 - -157 - (22 - 22) composite?
True
Let c(j) = -j + 7. Let h be c(4). Let l be (-2 + h)*219/3. Suppose l = 2*t - 225. Is t composite?
False
Let b(v) = -v**2 + 5. Let h be b(5). Let f be (-12)/(-5) - (-8)/h. Suppose 4 = f*a, 0 = z - a - 38 - 11. Is z a composite number?
True
Suppose 0 = 4*d + 16, 5*a = d + 2*d + 167. Is a composite?
False
Let z(k) = k**2 - 6*k + 10. Let j be z(14). Let m = -63 + j. Is m prime?
True
Let w(s) = -s**2 - 13*s + 9. Is w(-12) a prime number?
False
Suppose 5*f - 6*f = -2. Suppose f*h - 215 = 27. Is h a prime number?
False
Let o be (-6)/21 + 111/21. Suppose -125 = -o*j - 30. Is j a prime number?
True
Let l(u) be the second derivative of u + 0 + 7/2*u**2 - 1/3*u**3. Is l(-7) prime?
False
Let o(r) = r. Let u be o(6). Let m be (-2)/u*-3 - -6. Suppose -2*c + m = -c. Is c a composite number?
False
Suppose -6*w + 930 = -0*w. Let b = 274 - w. Is b prime?
False
Let t = -15 - -10. Let g(x) = x**3 + 9*x**2 + 5*x - 1. Is g(t) composite?
True
Let x = -737 - -1370. Is x a composite number?
True
Suppose 0 = 5*n - 164 - 116. Let y = 175 - n. Is y a composite number?
True
Let c = -72 + 151. Suppose -i = -54 - c. Is i prime?
False
Let x(y) = y**3 + 4*y**2 - 7*y - 5. Let g(h) = h**3 - 3*h**2 - 2*h + 1. Let m be g(3). Let w be x(m). Suppose -n - 2 = -2*n - w*j, -10 = -n - 3*j. Is n prime?
False
Suppose 2*k = 8 + 6. Suppose -k*o + 153 = -4*o. Is o a composite number?
True
Suppose 0 = 3*t - 8 - 4, 5*u = t + 1471. Let x = u + -80. Is x prime?
False
Let u = -6 - -4. Let s be u/4 + (-555)/(-6). Let o = s + -13. Is o prime?
True
Suppose -3*a + 22 = -20. Suppose 5*v + a = -1. Is -14*(129/(-6) - v) a prime number?
False
Suppose 3*o = -5*n + 382, 4*n - 10 = 2*n. Is o a composite number?
True
Suppose 0 = 4*c + 10 + 6. Is (c/8)/((-2)/812) prime?
False
Let c(z) = -177*z. Let d be c(-1). Suppose -2*x + 118 = 2*j, j - d = -2*j - x. Is j composite?
False
Let g(y) = 2*y**2 + 12*y - 61. Is g(12) a prime number?
False
Let q = 85 + 21. Let s = -75 + q. Is s a prime number?
True
Let y(n) = 35*n**3 - 3*n**2 + 2*n - 2. Let t be y(2). Suppose 9*i - 4*i = -5*q + t, 170 = 3*q - 5*i. Is q composite?
True
Suppose k + 0*i = 2*i + 9, -6 = 2*i. Suppose 4*x = -2*f + 906, -2*f + 0*x + k*x + 920 = 0. Let n = -302 + f. Is n a prime number?
False
Suppose -10 = r - 35. Is r composite?
True
Let u = 114 - 640. Is (-1 - -3)*u/(-4) composite?
False
Let t(n) = n**2 - 7*n + 4. Let k be t(6). Let p(u) = 2*u**2 + 2*u + 2. Is p(k) prime?
False
Suppose b = -3*i + 2659, b = 2*b + 4*i - 2661. Is b prime?
False
Suppose 0 = 5*n - 2*c - 2*c + 14, 5*n + 12 = 2*c. Let h be 1210/(-15) - n/(-6). Let o = -42 - h. Is o composite?
True
Let d be 8 - 6 - 1*-1. Suppose d = -5*t + 188. Is t prime?
True
Let f(j) = j - 2. Let z be f(4). Suppose z*v - v - 77 = 0. Is v composite?
True
Let a = -6 + 3. Is 1*54 + (a - -2) prime?
True
Suppose 4*w = v + 709, 3*w + 5*v = w + 371. Is w prime?
False
Suppose -4*f + 57 = -155. Is f a composite number?
False
Let a(t) = -t - 5. Let g be a(-9). Suppose -g*f - i + 13 = 0, 2 = i + 1. Suppose -2*l + 120 = 2*q, -6*q + 2*q - 166 = -f*l. Is l composite?
True
Let r(j) = 3*j**2 + 2*j - 3. Let z(o) = -o**2 - o - 1. Suppose 22 = 5*q + 4*y, -2 = 5*q - 0*y - 4*y. Let m(c) = q*z(c) + r(c). Is m(4) prime?
True
Let b(x) = -2*x - 9. Let y be b(-8). Let p = y + -9. Is (-1)/p - (-111)/6 a prime number?
True
Suppose 4*w = 15 + 225. Is -1 - -4 - (4 - w) composite?
False
Let z(x) = 40*x + 0 - 9*x - 4 + 1. Is 